{"id":14133,"date":"2024-02-07T00:48:41","date_gmt":"2024-02-07T00:48:41","guid":{"rendered":"https:\/\/impronte.eu\/news\/?page_id=14133"},"modified":"2024-02-16T07:42:05","modified_gmt":"2024-02-16T07:42:05","slug":"chi-siamo","status":"publish","type":"page","link":"https:\/\/impronte.eu\/news\/chi-siamo\/","title":{"rendered":"Chi siamo"},"content":{"rendered":"<div id=\"cmsmasters_row_6zqfk09b8a\" class=\"cmsmasters_row cmsmasters_color_scheme_default cmsmasters_row_top_default cmsmasters_row_bot_default cmsmasters_row_boxed\">\n<div class=\"cmsmasters_row_outer_parent\">\n<div class=\"cmsmasters_row_outer\">\n<div class=\"cmsmasters_row_inner\">\n<div class=\"cmsmasters_row_margin\">\n<div id=\"cmsmasters_column_jmuzvx0b88\" class=\"cmsmasters_column one_first\">\n<div class=\"cmsmasters_column_inner\"><div class=\"cmsmasters_text\">\n<p class=\"p1\" style=\"text-align: left;\">Impronte | Periodico telematico iscritto in data 29 gennaio 2024 al n. 6\/2024 del Registro Stampa del Tribunale di Roma.<\/p>\n<\/div>\n<\/div><\/div>\n<\/div>\n<\/div>\n<\/div>\n<\/div>\n<\/div>\n<div id=\"cmsmasters_row_5zx2qwbvdr\" class=\"cmsmasters_row cmsmasters_color_scheme_default cmsmasters_row_top_default cmsmasters_row_bot_default cmsmasters_row_boxed\">\n<div class=\"cmsmasters_row_outer_parent\">\n<div class=\"cmsmasters_row_outer\">\n<div class=\"cmsmasters_row_inner\">\n<div class=\"cmsmasters_row_margin\">\n<div id=\"cmsmasters_column_n54l0nus1\" class=\"cmsmasters_column one_first\">\n<div class=\"cmsmasters_column_inner\">\n<div id=\"cmsmasters_profile_69f80cbf20e35\" class=\"cmsmasters_profile vertical\">\n<!-- Start Profile Vertical Article -->\n<article id=\"post-2548\" class=\"cmsmasters_profile_vertical post-2548 profile type-profile status-publish has-post-thumbnail hentry pl-categs-founder pl-categs-staff\">\n\t<div class=\"profile_outer\">\n\t<figure class=\"cmsmasters_img_wrap\"><a href=\"https:\/\/impronte.eu\/news\/profile\/pietro-borzacca\/\" title=\"Pietro Borzacca\" class=\"cmsmasters_img_link\"><img loading=\"lazy\" decoding=\"async\" width=\"360\" height=\"360\" src=\"https:\/\/impronte.eu\/news\/wp-content\/uploads\/2015\/11\/pietro-borzacca-color-360x360.jpg\" class=\" wp-post-image\" alt=\"Pietro Borzacca\" title=\"pietro-borzacca-color\" srcset=\"https:\/\/impronte.eu\/news\/wp-content\/uploads\/2015\/11\/pietro-borzacca-color-360x360.jpg 360w, https:\/\/impronte.eu\/news\/wp-content\/uploads\/2015\/11\/pietro-borzacca-color-150x150.jpg 150w, https:\/\/impronte.eu\/news\/wp-content\/uploads\/2015\/11\/pietro-borzacca-color-70x70.jpg 70w\" sizes=\"auto, (max-width: 360px) 100vw, 360px\" \/><\/a><\/figure><div class=\"profile_inner\"><header class=\"cmsmasters_profile_header entry-header\"><h3 class=\"cmsmasters_profile_title entry-title\"><a href=\"https:\/\/impronte.eu\/news\/profile\/pietro-borzacca\/\">Pietro Borzacca<\/a><\/h3><h6 class=\"cmsmasters_profile_subtitle\">Amministratore Delegato<\/h6><\/header><div class=\"profile_social_icons\"><ul class=\"profile_social_icons_list\"><li><a href=\"https:\/\/twitter.com\/ImpronteEU\" class=\"cmsmasters_social_icon cmsmasters_social_icon_kjnie8loph_1 cmsmasters-icon-twitter\" title=\"Seguici su X\" target=\"_blank\"><\/a><\/li><\/ul><\/div><div class=\"cmsmasters_profile_content entry-content\">\n<p>Pietro Borzacca \u00e8 produttore cinematografico, regista, sceneggiatore e organizzatore di eventi di solidariet\u00e0 in favore della disabilita e delle pari opportunit\u00e0.<\/p>\n<\/div>\n<\/div>\t<\/div>\n<\/article>\n<!-- Finish Profile Vertical Article -->\n\n<!-- Start Profile Vertical Article -->\n<article id=\"post-1619\" class=\"cmsmasters_profile_vertical post-1619 profile type-profile status-publish has-post-thumbnail hentry pl-categs-founder pl-categs-staff\">\n\t<div class=\"profile_outer\">\n\t<figure class=\"cmsmasters_img_wrap\"><a href=\"https:\/\/impronte.eu\/news\/profile\/benigno-passagrilli\/\" title=\"Benigno Passagrilli\" class=\"cmsmasters_img_link\"><img loading=\"lazy\" decoding=\"async\" width=\"360\" height=\"360\" src=\"https:\/\/impronte.eu\/news\/wp-content\/uploads\/2015\/11\/benigno-passagrilli-color-360x360.jpg\" class=\" wp-post-image\" alt=\"Benigno Passagrilli\" title=\"benigno-passagrilli-color\" srcset=\"https:\/\/impronte.eu\/news\/wp-content\/uploads\/2015\/11\/benigno-passagrilli-color-360x360.jpg 360w, https:\/\/impronte.eu\/news\/wp-content\/uploads\/2015\/11\/benigno-passagrilli-color-150x150.jpg 150w, https:\/\/impronte.eu\/news\/wp-content\/uploads\/2015\/11\/benigno-passagrilli-color-70x70.jpg 70w\" sizes=\"auto, (max-width: 360px) 100vw, 360px\" \/><\/a><\/figure><div class=\"profile_inner\"><header class=\"cmsmasters_profile_header entry-header\"><h3 class=\"cmsmasters_profile_title entry-title\"><a href=\"https:\/\/impronte.eu\/news\/profile\/benigno-passagrilli\/\">Benigno Passagrilli<\/a><\/h3><h6 class=\"cmsmasters_profile_subtitle\">Direttore Editoriale<\/h6><\/header><div class=\"profile_social_icons\"><ul class=\"profile_social_icons_list\"><li><a href=\"https:\/\/twitter.com\/ImpronteEU\" class=\"cmsmasters_social_icon cmsmasters_social_icon_kjnie8loph_1 cmsmasters-icon-twitter\" title=\"Seguici su X\"><\/a><\/li><\/ul><\/div><div class=\"cmsmasters_profile_content entry-content\">\n<p>Laureato in medicina e chirurgia presso la Sapienza di Roma.<br \/>\nSpecialista in odontoiatria e protesi dentaria, ha dedicato la sua professione al riequilibrio psico posturale ed alla gnatoposturologia.<\/p>\n<\/div>\n<\/div>\t<\/div>\n<\/article>\n<!-- Finish Profile Vertical Article -->\n\n<!-- Start Profile Vertical Article -->\n<article id=\"post-446\" class=\"cmsmasters_profile_vertical post-446 profile type-profile status-publish has-post-thumbnail hentry pl-categs-author pl-categs-editor pl-categs-founder pl-categs-staff\">\n\t<div class=\"profile_outer\">\n\t<figure class=\"cmsmasters_img_wrap\"><a href=\"https:\/\/impronte.eu\/news\/profile\/martina-luise\/\" title=\"Martina Luise\" class=\"cmsmasters_img_link\"><img loading=\"lazy\" decoding=\"async\" width=\"360\" height=\"360\" src=\"https:\/\/impronte.eu\/news\/wp-content\/uploads\/2015\/04\/Martina-Luise-color-1000762-1-360x360.jpg\" class=\" wp-post-image\" alt=\"Martina Luise\" title=\"Martina-Luise-color-1000*762\" srcset=\"https:\/\/impronte.eu\/news\/wp-content\/uploads\/2015\/04\/Martina-Luise-color-1000762-1-360x360.jpg 360w, https:\/\/impronte.eu\/news\/wp-content\/uploads\/2015\/04\/Martina-Luise-color-1000762-1-150x150.jpg 150w, https:\/\/impronte.eu\/news\/wp-content\/uploads\/2015\/04\/Martina-Luise-color-1000762-1-70x70.jpg 70w\" sizes=\"auto, (max-width: 360px) 100vw, 360px\" \/><\/a><\/figure><div class=\"profile_inner\"><header class=\"cmsmasters_profile_header entry-header\"><h3 class=\"cmsmasters_profile_title entry-title\"><a href=\"https:\/\/impronte.eu\/news\/profile\/martina-luise\/\">Martina Luise<\/a><\/h3><h6 class=\"cmsmasters_profile_subtitle\">Direttore Responsabile<\/h6><\/header><div class=\"profile_social_icons\"><ul class=\"profile_social_icons_list\"><li><a href=\"https:\/\/twitter.com\/ImpronteEU\" class=\"cmsmasters_social_icon cmsmasters_social_icon_kjnie8loph_1 cmsmasters-icon-twitter\" title=\"Seguici su X\" target=\"_blank\"><\/a><\/li><\/ul><\/div><div class=\"cmsmasters_profile_content entry-content\">\n<p>Giornalista, scrittrice e docente.<br \/>\nProfessionista, iscritta all\u2019albo dei giornalisti del Lazio, con esperienza trentennale come vaticanista.<\/p>\n<\/div>\n<\/div>\t<\/div>\n<\/article>\n<!-- Finish Profile Vertical Article -->\n\n<!-- Start Profile Vertical Article -->\n<article id=\"post-14146\" class=\"cmsmasters_profile_vertical post-14146 profile type-profile status-publish has-post-thumbnail hentry pl-categs-editor pl-categs-founder\">\n\t<div class=\"profile_outer\">\n\t<figure class=\"cmsmasters_img_wrap\"><a href=\"https:\/\/impronte.eu\/news\/profile\/maria-berardi\/\" title=\"Maria Berardi\" class=\"cmsmasters_img_link\"><img loading=\"lazy\" decoding=\"async\" width=\"360\" height=\"360\" src=\"https:\/\/impronte.eu\/news\/wp-content\/uploads\/2024\/02\/maria-berardi-color-1000762-vers-3-360x360.jpg\" class=\" wp-post-image\" alt=\"Maria Berardi\" title=\"maria-berardi-color-1000*762-vers-3\" srcset=\"https:\/\/impronte.eu\/news\/wp-content\/uploads\/2024\/02\/maria-berardi-color-1000762-vers-3-360x360.jpg 360w, https:\/\/impronte.eu\/news\/wp-content\/uploads\/2024\/02\/maria-berardi-color-1000762-vers-3-150x150.jpg 150w, https:\/\/impronte.eu\/news\/wp-content\/uploads\/2024\/02\/maria-berardi-color-1000762-vers-3-70x70.jpg 70w\" sizes=\"auto, (max-width: 360px) 100vw, 360px\" \/><\/a><\/figure><div class=\"profile_inner\"><header class=\"cmsmasters_profile_header entry-header\"><h3 class=\"cmsmasters_profile_title entry-title\"><a href=\"https:\/\/impronte.eu\/news\/profile\/maria-berardi\/\">Maria Berardi<\/a><\/h3><h6 class=\"cmsmasters_profile_subtitle\">Redattore<\/h6><\/header><div class=\"profile_social_icons\"><ul class=\"profile_social_icons_list\"><li><a href=\"https:\/\/twitter.com\/ImpronteEU\" class=\"cmsmasters_social_icon cmsmasters_social_icon_kjnie8loph_1 cmsmasters-icon-twitter\" title=\"Seguici su X\" target=\"_blank\"><\/a><\/li><\/ul><\/div><div class=\"cmsmasters_profile_content entry-content\">\n<p>Maria Berardi \u00e8 laureata in giurisprudenza, magistero in scienze religiose postmaster e triennale in filosofia. E' sceneggiatrice, regista, fashion designer per la disabilita, presidente di associazioni di solidariet\u00e0 e di vari premi correlati.<\/p>\n<\/div>\n<\/div>\t<\/div>\n<\/article>\n<!-- Finish Profile Vertical Article -->\n\n<!-- Start Profile Vertical Article -->\n<article id=\"post-14144\" class=\"cmsmasters_profile_vertical post-14144 profile type-profile status-publish has-post-thumbnail hentry pl-categs-editor pl-categs-founder\">\n\t<div class=\"profile_outer\">\n\t<figure class=\"cmsmasters_img_wrap\"><a href=\"https:\/\/impronte.eu\/news\/profile\/anna-errede\/\" title=\"Anna Errede\" class=\"cmsmasters_img_link\"><img loading=\"lazy\" decoding=\"async\" width=\"360\" height=\"360\" src=\"https:\/\/impronte.eu\/news\/wp-content\/uploads\/2024\/02\/anna-errede-color-360x360.jpg\" class=\" wp-post-image\" alt=\"Anna Errede\" title=\"anna-errede-color\" srcset=\"https:\/\/impronte.eu\/news\/wp-content\/uploads\/2024\/02\/anna-errede-color-360x360.jpg 360w, https:\/\/impronte.eu\/news\/wp-content\/uploads\/2024\/02\/anna-errede-color-150x150.jpg 150w, https:\/\/impronte.eu\/news\/wp-content\/uploads\/2024\/02\/anna-errede-color-70x70.jpg 70w\" sizes=\"auto, (max-width: 360px) 100vw, 360px\" \/><\/a><\/figure><div class=\"profile_inner\"><header class=\"cmsmasters_profile_header entry-header\"><h3 class=\"cmsmasters_profile_title entry-title\"><a href=\"https:\/\/impronte.eu\/news\/profile\/anna-errede\/\">Anna Errede<\/a><\/h3><h6 class=\"cmsmasters_profile_subtitle\">Redattore<\/h6><\/header><div class=\"profile_social_icons\"><ul class=\"profile_social_icons_list\"><li><a href=\"https:\/\/twitter.com\/ImpronteEU\" class=\"cmsmasters_social_icon cmsmasters_social_icon_kjnie8loph_1 cmsmasters-icon-twitter\" title=\"Seguici su X\" target=\"_blank\"><\/a><\/li><\/ul><\/div><div class=\"cmsmasters_profile_content entry-content\">\n<p>Esperta di gestione ed organizzazione di strutture poli funzionali e gestione acquisti.<\/p>\n<\/div>\n<\/div>\t<\/div>\n<\/article>\n<!-- Finish Profile Vertical Article -->\n\n<!-- Start Profile Vertical Article -->\n<article id=\"post-14142\" class=\"cmsmasters_profile_vertical post-14142 profile type-profile status-publish has-post-thumbnail hentry pl-categs-founder pl-categs-staff\">\n\t<div class=\"profile_outer\">\n\t<figure class=\"cmsmasters_img_wrap\"><a href=\"https:\/\/impronte.eu\/news\/profile\/stefano-passagrilli\/\" title=\"Stefano Passagrilli\" class=\"cmsmasters_img_link\"><img loading=\"lazy\" decoding=\"async\" width=\"360\" height=\"360\" src=\"https:\/\/impronte.eu\/news\/wp-content\/uploads\/2024\/02\/stefano-passagrilli-color-360x360.jpg\" class=\" wp-post-image\" alt=\"Stefano Passagrilli\" title=\"stefano-passagrilli-color\" srcset=\"https:\/\/impronte.eu\/news\/wp-content\/uploads\/2024\/02\/stefano-passagrilli-color-360x360.jpg 360w, https:\/\/impronte.eu\/news\/wp-content\/uploads\/2024\/02\/stefano-passagrilli-color-150x150.jpg 150w, https:\/\/impronte.eu\/news\/wp-content\/uploads\/2024\/02\/stefano-passagrilli-color-70x70.jpg 70w\" sizes=\"auto, (max-width: 360px) 100vw, 360px\" \/><\/a><\/figure><div class=\"profile_inner\"><header class=\"cmsmasters_profile_header entry-header\"><h3 class=\"cmsmasters_profile_title entry-title\"><a href=\"https:\/\/impronte.eu\/news\/profile\/stefano-passagrilli\/\">Stefano Passagrilli<\/a><\/h3><h6 class=\"cmsmasters_profile_subtitle\">Redattore e Foto Reporter<\/h6><\/header><div class=\"profile_social_icons\"><ul class=\"profile_social_icons_list\"><li><a href=\"https:\/\/twitter.com\/ImpronteEU\" class=\"cmsmasters_social_icon cmsmasters_social_icon_kjnie8loph_1 cmsmasters-icon-twitter\" title=\"Seguici su X\" target=\"_blank\"><\/a><\/li><\/ul><\/div><div class=\"cmsmasters_profile_content entry-content\">\n<p>Nel corso degli anni ha collaborato alla realizzazione ed alla stesura di riviste di origine sindacale e di cultura varia.<br \/>\nHa collaborato alla realizzazione di congressi ed incontri sia culturali che scientifici.<\/p>\n<\/div>\n<\/div>\t<\/div>\n<\/article>\n<!-- Finish Profile Vertical Article -->\n\n<\/div>\n<\/div><\/div>\n<\/div>\n<\/div>\n<\/div>\n<\/div>\n<\/div>\n\n","protected":false},"excerpt":{"rendered":"","protected":false},"author":1,"featured_media":0,"parent":0,"menu_order":0,"comment_status":"closed","ping_status":"closed","template":"","meta":{"footnotes":""},"class_list":["post-14133","page","type-page","status-publish","hentry"],"_links":{"self":[{"href":"https:\/\/impronte.eu\/news\/wp-json\/wp\/v2\/pages\/14133","targetHints":{"allow":["GET"]}}],"collection":[{"href":"https:\/\/impronte.eu\/news\/wp-json\/wp\/v2\/pages"}],"about":[{"href":"https:\/\/impronte.eu\/news\/wp-json\/wp\/v2\/types\/page"}],"author":[{"embeddable":true,"href":"https:\/\/impronte.eu\/news\/wp-json\/wp\/v2\/users\/1"}],"replies":[{"embeddable":true,"href":"https:\/\/impronte.eu\/news\/wp-json\/wp\/v2\/comments?post=14133"}],"version-history":[{"count":8,"href":"https:\/\/impronte.eu\/news\/wp-json\/wp\/v2\/pages\/14133\/revisions"}],"predecessor-version":[{"id":14203,"href":"https:\/\/impronte.eu\/news\/wp-json\/wp\/v2\/pages\/14133\/revisions\/14203"}],"wp:attachment":[{"href":"https:\/\/impronte.eu\/news\/wp-json\/wp\/v2\/media?parent=14133"}],"curies":[{"name":"wp","href":"https:\/\/api.w.org\/{rel}","templated":true}]}}